{"id":611,"date":"2023-08-12T15:17:36","date_gmt":"2023-08-12T20:17:36","guid":{"rendered":"https:\/\/mariasilvestre.com.co\/?page_id=611"},"modified":"2023-08-16T12:50:07","modified_gmt":"2023-08-16T17:50:07","slug":"bio","status":"publish","type":"page","link":"https:\/\/mariasilvestre.com.co\/?page_id=611","title":{"rendered":"BIO"},"content":{"rendered":"\t\t<div data-elementor-type=\"wp-page\" data-elementor-id=\"611\" class=\"elementor elementor-611\">\n\t\t\t\t\t\t\t\t\t<section class=\"elementor-section elementor-top-section elementor-element elementor-element-1d6553d elementor-section-boxed elementor-section-height-default elementor-section-height-default\" data-id=\"1d6553d\" data-element_type=\"section\">\n\t\t\t\t\t\t<div class=\"elementor-container elementor-column-gap-default\">\n\t\t\t\t\t<div class=\"elementor-column elementor-col-100 elementor-top-column elementor-element elementor-element-f46fe6d\" data-id=\"f46fe6d\" data-element_type=\"column\">\n\t\t\t<div class=\"elementor-widget-wrap elementor-element-populated\">\n\t\t\t\t\t\t\t\t<div class=\"elementor-element elementor-element-2fba011 elementor-widget elementor-widget-text-editor\" data-id=\"2fba011\" data-element_type=\"widget\" data-widget_type=\"text-editor.default\">\n\t\t\t\t<div class=\"elementor-widget-container\">\n\t\t\t<style>\/*! elementor - v3.15.0 - 20-08-2023 *\/\n.elementor-widget-text-editor.elementor-drop-cap-view-stacked .elementor-drop-cap{background-color:#69727d;color:#fff}.elementor-widget-text-editor.elementor-drop-cap-view-framed .elementor-drop-cap{color:#69727d;border:3px solid;background-color:transparent}.elementor-widget-text-editor:not(.elementor-drop-cap-view-default) .elementor-drop-cap{margin-top:8px}.elementor-widget-text-editor:not(.elementor-drop-cap-view-default) .elementor-drop-cap-letter{width:1em;height:1em}.elementor-widget-text-editor .elementor-drop-cap{float:left;text-align:center;line-height:1;font-size:50px}.elementor-widget-text-editor .elementor-drop-cap-letter{display:inline-block}<\/style>\t\t\t\t<h1><span style=\"color: #000000;\">Te cuento un poco de mi camino\u00a0<\/span><\/h1>\t\t\t\t\t\t<\/div>\n\t\t\t\t<\/div>\n\t\t\t\t\t<\/div>\n\t\t<\/div>\n\t\t\t\t\t\t\t<\/div>\n\t\t<\/section>\n\t\t\t\t<section class=\"elementor-section elementor-top-section elementor-element elementor-element-63f9875 elementor-section-boxed elementor-section-height-default elementor-section-height-default\" data-id=\"63f9875\" data-element_type=\"section\">\n\t\t\t\t\t\t<div class=\"elementor-container elementor-column-gap-default\">\n\t\t\t\t\t<div class=\"elementor-column elementor-col-33 elementor-top-column elementor-element elementor-element-b59dc4b\" data-id=\"b59dc4b\" data-element_type=\"column\">\n\t\t\t<div class=\"elementor-widget-wrap elementor-element-populated\">\n\t\t\t\t\t\t\t\t<div class=\"elementor-element elementor-element-842dbb2 elementor-widget elementor-widget-image\" data-id=\"842dbb2\" data-element_type=\"widget\" data-settings=\"{&quot;_animation&quot;:&quot;none&quot;}\" data-widget_type=\"image.default\">\n\t\t\t\t<div class=\"elementor-widget-container\">\n\t\t\t<style>\/*! elementor - v3.15.0 - 20-08-2023 *\/\n.elementor-widget-image{text-align:center}.elementor-widget-image a{display:inline-block}.elementor-widget-image a img[src$=\".svg\"]{width:48px}.elementor-widget-image img{vertical-align:middle;display:inline-block}<\/style>\t\t\t\t\t\t\t\t\t\t\t\t<img decoding=\"async\" loading=\"lazy\" width=\"768\" height=\"1024\" src=\"https:\/\/mariasilvestre.com.co\/wp-content\/uploads\/2023\/08\/IMG_1691856619689-768x1024.jpeg\" class=\"attachment-medium_large size-medium_large wp-image-617\" alt=\"\" srcset=\"https:\/\/mariasilvestre.com.co\/wp-content\/uploads\/2023\/08\/IMG_1691856619689-768x1024.jpeg 768w, https:\/\/mariasilvestre.com.co\/wp-content\/uploads\/2023\/08\/IMG_1691856619689-225x300.jpeg 225w, https:\/\/mariasilvestre.com.co\/wp-content\/uploads\/2023\/08\/IMG_1691856619689-1152x1536.jpeg 1152w, https:\/\/mariasilvestre.com.co\/wp-content\/uploads\/2023\/08\/IMG_1691856619689-1536x2048.jpeg 1536w, https:\/\/mariasilvestre.com.co\/wp-content\/uploads\/2023\/08\/IMG_1691856619689-2000x2667.jpeg 2000w, https:\/\/mariasilvestre.com.co\/wp-content\/uploads\/2023\/08\/IMG_1691856619689-600x800.jpeg 600w, https:\/\/mariasilvestre.com.co\/wp-content\/uploads\/2023\/08\/IMG_1691856619689-1200x1600.jpeg 1200w, https:\/\/mariasilvestre.com.co\/wp-content\/uploads\/2023\/08\/IMG_1691856619689-scaled.jpeg 1920w\" sizes=\"100vw\" \/>\t\t\t\t\t\t\t\t\t\t\t\t\t\t\t<\/div>\n\t\t\t\t<\/div>\n\t\t\t\t\t<\/div>\n\t\t<\/div>\n\t\t\t\t<div class=\"elementor-column elementor-col-66 elementor-top-column elementor-element elementor-element-771189e\" data-id=\"771189e\" data-element_type=\"column\">\n\t\t\t<div class=\"elementor-widget-wrap elementor-element-populated\">\n\t\t\t\t\t\t\t\t<div class=\"elementor-element elementor-element-e2497a6 elementor-widget__width-initial elementor-widget elementor-widget-text-editor\" data-id=\"e2497a6\" data-element_type=\"widget\" data-widget_type=\"text-editor.default\">\n\t\t\t\t<div class=\"elementor-widget-container\">\n\t\t\t\t\t\t\t<p><span style=\"font-weight: 400;\">Mi nombre es Mar\u00eda Camila Puentes Garz\u00f3n, antrop\u00f3loga, doula, titiritera, activista menstrual y sexual.\u00a0<\/span><span style=\"font-weight: 400;\">Brindo acompa\u00f1amientos, talleres creativos y encuentros sobre sexualidad, ciclicidad y el poder que encontramos en nuestros cuerpos-territorios. A<\/span><span style=\"font-weight: 400;\">compa\u00f1o y apoyo los ciclos menstruales de acuerdo a las distintas inquietudes y necesidades de cada una.<\/span><\/p><p><span style=\"font-weight: 400;\">Este camino comenz\u00f3 hace 4 a\u00f1os cuando comenc\u00e9 a tomar formaciones sobre salud sexual integral, leer libros de un mont\u00f3n de referentes, y decid\u00ed formarme para ser doula.<\/span><\/p><p><span style=\"font-weight: 400;\">Mi investigaci\u00f3n y motivaci\u00f3n est\u00e1 puesta sobre la necesidad de poder recuperar autonom\u00eda sobre las diferentes etapas de nuestra sexualidad, poder compartir informaci\u00f3n de manera l\u00fadica, a trav\u00e9s del teatro de t\u00edteres, y del encuentro entre madres, hijes, amigues, redes afectivas, para poder dialogar sobre c\u00f3mo habitamos nuestros cuerpos, sobre la sexualidad y la naturaleza c\u00edclica de nuestros cuerpos emocionales e intuitivos.\u00a0<\/span><\/p><p>Soy la creadora de mar\u00edasilvestre, un proyecto-plataforma, donde escribo sobre los ciclos, la sexualidad como v\u00ednculo profundo de autoconocimiento y donde visibilizo historias\/experiencias. \u00a0<\/p><p>\u00a0<\/p>\t\t\t\t\t\t<\/div>\n\t\t\t\t<\/div>\n\t\t\t\t\t<\/div>\n\t\t<\/div>\n\t\t\t\t\t\t\t<\/div>\n\t\t<\/section>\n\t\t\t\t<section class=\"elementor-section elementor-top-section elementor-element elementor-element-66b6ad9 elementor-section-boxed elementor-section-height-default elementor-section-height-default\" data-id=\"66b6ad9\" data-element_type=\"section\">\n\t\t\t\t\t\t<div class=\"elementor-container elementor-column-gap-default\">\n\t\t\t\t\t<div class=\"elementor-column elementor-col-100 elementor-top-column elementor-element elementor-element-bf0ea38\" data-id=\"bf0ea38\" data-element_type=\"column\">\n\t\t\t<div class=\"elementor-widget-wrap elementor-element-populated\">\n\t\t\t\t\t\t\t\t<div class=\"elementor-element elementor-element-96d2f4f elementor-widget elementor-widget-spacer\" data-id=\"96d2f4f\" data-element_type=\"widget\" data-widget_type=\"spacer.default\">\n\t\t\t\t<div class=\"elementor-widget-container\">\n\t\t\t<style>\/*! elementor - v3.15.0 - 20-08-2023 *\/\n.elementor-column .elementor-spacer-inner{height:var(--spacer-size)}.e-con{--container-widget-width:100%}.e-con-inner>.elementor-widget-spacer,.e-con>.elementor-widget-spacer{width:var(--container-widget-width,var(--spacer-size));--align-self:var(--container-widget-align-self,initial);--flex-shrink:0}.e-con-inner>.elementor-widget-spacer>.elementor-widget-container,.e-con-inner>.elementor-widget-spacer>.elementor-widget-container>.elementor-spacer,.e-con>.elementor-widget-spacer>.elementor-widget-container,.e-con>.elementor-widget-spacer>.elementor-widget-container>.elementor-spacer{height:100%}.e-con-inner>.elementor-widget-spacer>.elementor-widget-container>.elementor-spacer>.elementor-spacer-inner,.e-con>.elementor-widget-spacer>.elementor-widget-container>.elementor-spacer>.elementor-spacer-inner{height:var(--container-widget-height,var(--spacer-size))}<\/style>\t\t<div class=\"elementor-spacer\">\n\t\t\t<div class=\"elementor-spacer-inner\"><\/div>\n\t\t<\/div>\n\t\t\t\t<\/div>\n\t\t\t\t<\/div>\n\t\t\t\t\t<\/div>\n\t\t<\/div>\n\t\t\t\t\t\t\t<\/div>\n\t\t<\/section>\n\t\t\t\t\t\t\t<\/div>\n\t\t","protected":false},"excerpt":{"rendered":"<p>Te cuento un poco de mi camino\u00a0 Mi nombre es Mar\u00eda Camila Puentes Garz\u00f3n, antrop\u00f3loga, doula, titiritera, activista menstrual y sexual.\u00a0Brindo acompa\u00f1amientos, talleres creativos y encuentros sobre sexualidad, ciclicidad y el poder que encontramos en nuestros cuerpos-territorios. Acompa\u00f1o y apoyo los ciclos menstruales de acuerdo a las distintas inquietudes y necesidades de cada una. Este &hellip; <\/p>\n<p class=\"link-more\"><a href=\"https:\/\/mariasilvestre.com.co\/?page_id=611\" class=\"more-link\">Leer m\u00e1s<span class=\"screen-reader-text\"> \u00abBIO\u00bb<\/span><\/a><\/p>\n","protected":false},"author":1,"featured_media":0,"parent":0,"menu_order":0,"comment_status":"closed","ping_status":"closed","template":"","meta":{"footnotes":""},"aioseo_notices":[],"_links":{"self":[{"href":"https:\/\/mariasilvestre.com.co\/index.php?rest_route=\/wp\/v2\/pages\/611"}],"collection":[{"href":"https:\/\/mariasilvestre.com.co\/index.php?rest_route=\/wp\/v2\/pages"}],"about":[{"href":"https:\/\/mariasilvestre.com.co\/index.php?rest_route=\/wp\/v2\/types\/page"}],"author":[{"embeddable":true,"href":"https:\/\/mariasilvestre.com.co\/index.php?rest_route=\/wp\/v2\/users\/1"}],"replies":[{"embeddable":true,"href":"https:\/\/mariasilvestre.com.co\/index.php?rest_route=%2Fwp%2Fv2%2Fcomments&post=611"}],"version-history":[{"count":22,"href":"https:\/\/mariasilvestre.com.co\/index.php?rest_route=\/wp\/v2\/pages\/611\/revisions"}],"predecessor-version":[{"id":6874,"href":"https:\/\/mariasilvestre.com.co\/index.php?rest_route=\/wp\/v2\/pages\/611\/revisions\/6874"}],"wp:attachment":[{"href":"https:\/\/mariasilvestre.com.co\/index.php?rest_route=%2Fwp%2Fv2%2Fmedia&parent=611"}],"curies":[{"name":"wp","href":"https:\/\/api.w.org\/{rel}","templated":true}]}}